6).
10
Let f(l) = 296 - 2*l + 288 - 575. Calculate f(13).
-17
Suppose 2*h = z - 23, 42 + 37 = 5*z - h. Let u(n) = 9*n**2 - 6*n - 6 - z*n**2 + 4*n**2. Determine u(-4).
-14
Let b(l) be the first derivative of -l**2/2 + 12*l + 63. What is b(13)?
-1
Let d(p) = p**2 + 16*p + 30. Let w be d(-14). Suppose -2*c - 4 = 2*g, -w*g - 2 - 11 = -c. Let k(z) = -z**2 + 3*z. What is k(c)?
0
Suppose h = 6*h. Suppose h = -4*a - 14 - 2. Let c(p) = 6*p**2 + 4*p - 5. Let d(n) = 2*n**2 + n - 2. Let i(v) = -6*c(v) + 17*d(v). Give i(a).
-8
Let a(m) = 2*m - 8. Let h = -36 - -54. Let q be 122/h - (-4)/18. Determine a(q).
6
Suppose -47 = 5*h - 0*h - q, -2*h - q = 23. Let a be (-12)/60 + 258/h. Let b = a + 23. Let n(t) = -4*t. Give n(b).
12
Let d = -51 + 33. Let b be (-2)/9 + 68/d. Let n(q) be the first derivative of -3*q**2/2 - 6*q + 2. What is n(b)?
6
Let c(k) = k**3 + 33*k**2 + k + 35. Let g be c(-33). Let r(a) = -2*a**2 + a - 1. Calculate r(g).
-7
Let j(k) = -k**3 + 5*k**2 - 7. Let i be (-6)/9 + (-5 - 320/(-30)). What is j(i)?
-7
Let f(b) = -b**2 - 6*b. Let j(q) be the first derivative of -3 - 2*q + 2/3*q**3 - q**2 - 1/4*q**4. Let i be j(2). Calculate f(i).
0
Let p(k) = -k**3 + 2*k**2 - 2*k - 1. Let a(j) = -4*j - 5. Let b = -7 - -5. Let y be a(b). Calculate p(y).
-16
Let y(q) = -q**3 + 5*q**2 - 2*q - 1. Let d be y(3). Suppose 3*s = -68 + d. Let k = s - -23. Let u(z) = -z**3 + 3*z**2 + 4*z + 5. Determine u(k).
5
Let w(y) be the second derivative of -y**6/720 + y**5/20 + y**4/4 - 2*y - 20. Let l(k) be the third derivative of w(k). Give l(9).
-3
Let r(x) = x**3 + 15*x**2 + 7*x - 17. Let k be r(-14). Let m be (-4)/(-18) + 42/k*-12. Let g(j) = -j**2 - 6*j + 1. Calculate g(m).
1
Let b(t) = -t**3 - 5*t**2 - 4*t - 3. Let j(o) = -9*o + 22. Let z(l) = 5*l - 11. Let i(w) = 4*j(w) + 7*z(w). Let c be i(0). Let k = 8 - c. What is b(k)?
-9
Let q be 3/2 - 1 - (-783)/(-54). Let d(n) = n + 16. Determine d(q).
2
Suppose 15 - 5 = 2*v. Let g(q) be the first derivative of -1/2*q**2 + 6*q + 5. Give g(v).
1
Let t(c) = -c**2 + 7*c + 3. Suppose 2*v = -271 + 285. What is t(v)?
3
Suppose -7*a + 3*a - 22 = 2*m, 0 = 3*a - 3*m - 6. Let k(q) = 2*q + 2*q + 3 - 8*q - 2*q. What is k(a)?
21
Let f(h) be the third derivative of h**6/120 - 7*h**5/60 + h**4/3 - 7*h**3/6 - 14*h**2 + 2. Calculate f(6).
5
Let p(z) = 7*z - z**3 - 2*z - 6 - 3*z - 3*z + 0*z. Calculate p(0).
-6
Suppose -22 + 132 = 5*d. Let r = -19 + d. Let t(c) = 5*c**3 - 3*c**2 - 3*c - 2. Let h(y) = y**3 - y**2 - y. Let j(u) = -6*h(u) + t(u). Calculate j(r).
7
Let i(j) = -j**3 - 6*j**2 - 4*j + 3. Let p = 32 - 46. Let y be (10/(-8))/(p/56). Suppose 3*d + 16 = -4*l, 3*d + 5 + 15 = -y*l. Calculate i(l).
-13
Let c(h) = 96*h - 6 + 7 - 97*h. Calculate c(4).
-3
Let t(j) = 5*j - 6. Let s(h) = 6*h - 5. Let c(a) = -6*s(a) + 7*t(a). Give c(0).
-12
Let b = -2120/3 - -707. Let r(m) be the first derivative of -3*m**2 - 7*m - 2 - b*m**3. Calculate r(-5).
-2
Let c(t) = t**2 - 1. Let u(q) = -3*q**2 + 5*q + 8. Let x(w) = 2*w**2 + 8*w + 1. Let r be x(-4). Let a(o) = r*u(o) + 4*c(o). Calculate a(-5).
4
Let u(a) = 6*a - 27. Let t be u(5). Let r(c) = -22*c**2 + c**t - 18*c**2 + 13 + 45*c**2 - 15*c**2 + 7*c. Calculate r(9).
-5
Let f(m) = -9*m - 1. Let t(z) = -4*z + 1. Let g(o) = 3*f(o) - 6*t(o). Calculate g(-4).
3
Let t(i) = 8*i**3 + i**2 + 10*i - 25. Let r(o) = 13*o**3 + 3*o**2 + 20*o - 49. Let c(x) = -3*r(x) + 5*t(x). What is c(5)?
-3
Let l(v) = 2*v**2 + 3*v + 4. Let a(o) = o**2 + 2*o + 3. Let y(k) = 5*a(k) - 3*l(k). Give y(-3).
-9
Let c(k) = k**2 - k + 2. Suppose 11*t - 15*t = -24. Suppose -17 = -t*x - 5. Give c(x).
4
Let w(f) = f**3 - 4*f**2 - 7*f + 3. Let a be w(5). Let y = 7 + a. Let i(z) = z**2 + z + 3. Let t(q) = q**2 - 1. Let d(h) = -i(h) + 2*t(h). Determine d(y).
-5
Let m = -20 - -40. Let o(n) = 0 - 5*n - m*n**2 + 13*n**2 - n**3 - 5. Calculate o(-6).
-11
Let j(u) = -18*u - 724. Let h be j(-40). Let l(x) = -4 + x**3 + 5*x + 5*x**2 + 2 + 4. What is l(h)?
-2
Let z = -56 - -59. Let j(k) = 6*k**2 + 2*k**2 - 3 + k - 7*k**2. Determine j(z).
9
Suppose 23*w + 186 = 48. Let o(g) = -9*g - 4. What is o(w)?
50
Let h(r) = -r - 4. Let k be h(-9). Let n(j) = j**2 + 3*j - 1. Determine n(k).
39
Let o(r) = 7*r - 4. Let y(q) = 4*q - 2. Let l(u) = -3*o(u) + 5*y(u). Let w = -255 + 249. Determine l(w).
8
Let x be 14/(-63) + (-40)/(-18). Let v = 8 - x. Let k(s) = -1 + 0*s - v*s + 14*s. Determine k(1).
7
Let h = -9 - -6. Let l(z) = 5*z**2 - 7*z + 6. Let u(t) = t**2 - t + 1. Let w(a) = -l(a) + 6*u(a). What is w(h)?
6
Let p(x) = 2*x**2 - x - 4. Let c(f) = f**2 - f - 3. Let v(k) = -3*c(k) + 2*p(k). Suppose 5*n - 12 = n. Suppose 4*m = 3*m - n. Determine v(m).
7
Let i(m) = -54*m - 8 + 28*m + 27*m. Let t be i(4). Let q(a) = 2 - 3 + 0 + a. What is q(t)?
-5
Let z(s) = 5*s + 13. Let g(c) = 1. Let v(x) = 3*g(x) - z(x). Give v(-4).
10
Let j(q) = 9*q - 7. Let g be j(1). Let t(h) = 2*h**3 - 2*h**2 - 2*h. Give t(g).
4
Let q(a) = -a - 20. Let o(s) = 2*s + 44. Let t(v) = 2*o(v) + 5*q(v). What is t(-9)?
-3
Suppose -10*s + 13*s = z + 34, -2*s = -4*z - 36. Let l(b) = b**2 - 11*b + 6. Calculate l(s).
-4
Let v(t) = t - 1. Let w(x) = -x**3 - 6*x**2 + 2*x - 7. Let j be w(-7). Let k = 29 - j. Suppose -k + 0 = 2*u + 3*o, u = 3*o - 14. Calculate v(u).
-6
Let m(t) = -2*t**2 - 6*t + 22. Let x be 9/(-3*1)*50/30. Determine m(x).
2
Let k(g) = 16 - 10*g**2 + g**3 - 3*g - 3 + g. Suppose 3*a - 33 = -p, 14*a - 39 = 5*p + 86. Give k(a).
-7
Let u = -17 - -17. Suppose -4*t - 5*a - 10 = u, 5*t - a = 2*a - 31. Let r(i) be the first derivative of -i**2/2 - 6*i + 1. Calculate r(t).
-1
Let h = 27 - 15. Suppose d = 3*d - h. Let n(q) = 4 + 0*q**2 + q**2 - 4*q - 3*q. Determine n(d).
-2
Let o(q) = -4*q + 1. Let p = -502 - -509. Calculate o(p).
-27
Let l(h) = h**2 - 7*h + 7. Suppose -4*w = x - 2*w + 2, 3*x - 5*w = 38. Give l(x).
1
Suppose z - 4*r = -3*r - 31, 0 = -2*r - 8. Let x(i) = -4*i - 135. Calculate x(z).
5
Suppose h + 5*z = 9*z + 12, -h + 5*z = -14. Suppose -4*q + 78 = 3*n, q - 60 = -2*q - 3*n. Let m(t) = 19*t**2 + 1 + 0*t - q*t**2 - 3*t. Determine m(h).
5
Let j(m) = -m**3 - 2*m**2 - 2*m - 2. Let n(r) = r**3 + 3*r**2 + 4*r + 1. Let c(v) = -6*j(v) - 5*n(v). Give c(5).
17
Let w = 107 + -82. Let s be (((-40)/w)/(-2))/(2/15). Let q(k) = k - 6. What is q(s)?
0
Let m = -7 - -11. Let q(w) be the second derivative of -w**6/720 - w**5/60 - 2*w**4 + 46*w. Let d(c) be the third derivative of q(c). Determine d(m).
-6
Let k(n) = 2*n - 2. Let c(j) = 3*j**2 + 53*j + 25. Let f(y) = -8 - 5*y - 5*y - y**2 - 8*y + 0*y. Let t(i) = 3*c(i) + 8*f(i). Let d be t(-14). What is k(d)?
-8
Let p be (-35)/20*1*-8*1. Suppose 47 = -3*y - 3*i + p, 5*y + 40 = -2*i. Let u(x) = -x - 3. Determine u(y).
3
Let m(d) = d**2 - 18. Let a be m(0). Let w be 50/18 + (-4)/a. Let j(r) = 3 + r**3 - 47*r + 102*r - 54*r - 3*r**2. Calculate j(w).
6
Let q(s) = 28*s**2 - 28*s + 11. Let t(n) = -5*n**2 + 5*n - 2. Let l(g) = 6*q(g) + 34*t(g). Suppose -5 + 15 = 5*w. Calculate l(w).
-6
Suppose -4*g - 3*h - 2 = 0, 4*g - h - 6 = -0*h. Let x(p) = -40*p + 39*p + 6*p**2 - 5*p**2 + 0*p**2. Give x(g).
0
Let m be 5/(15/18) - 2. Let s(u) = 22 - 3*u + 0*u + m*u - 13. Let r be s(-6). Let z(d) = d**3 - 4*d**2 + 3*d - 2. Determine z(r).
-2
Let m be 1/(-2) + (-3)/(-6). Let s = 5 + m. Let r(b) = 14*b - 12. Let o(j) = -30*j + 25. Let w(p) = -6*o(p) - 13*r(p). What is w(s)?
-4
Let f(s) = 11*s**2 + 45*s - 3. Let i(x) = -4*x**2 - 16*x + 1. Let c(w) = 6*f(w) + 17*i(w). Calculate c(-4).
-25
Let i(q) be the third derivative of q**4/24 - q**3/6 - 5*q**2. Let v = 40 - 43. What is i(v)?
-4
Let f(d) = -30*d - 5. Let a(k) = 21*k + 4. Let s(r) = -4*a(r) - 3*f(r). What is s(0)?
-1
Let y(i) = -2*i + 1. Let o(c) = c**3 - 9*c**2 + 17*c + 8. Let f be o(6). Suppose -85 = -5*w - 5. Let u be w/(-20)*(f - -3). Determine y(u).
9
Suppose -3*d = -9*o + 14*o + 27, 2*d = -3*o - 16. Let i(u) = -u**3 - 5*u**2 + 10*u + 11. Determine i(o).
-13
Let v(d) = -2*d - 1. Let j be ((-36)/30)/(1/(-5)). Let g = j + -6. Let n(q) = -q**2 + q - 1. Let r be n(g). Determine v(r).
1
Let o(t) = 123038*t**2 - 123043*t**2 - 7*t + t**3 - 3 + t**3. Determine o(-1).
-3
Let h(p) = -p**2 + 4*p + 2. Let t be h(4). Let w(j) = -t + 2 + 3*j - 1 - 1. Suppose 0 = 4*z - n + 9, 2*z - 5*n + 4 + 5 = 0. What is w(z)?
-8
Let c(n) be the first derivative of -